ivided by 432.
5
Calculate the remainder when 84795 is divided by 21198.
3
What is the remainder when 165685 is divided by 41419?
9
What is the remainder when 814090 is divided by 537?
535
What is the remainder when 7998 is divided by 22?
12
What is the remainder when 8046 is divided by 7?
3
Calculate the remainder when 248420 is divided by 9934.
70
Calculate the remainder when 4557 is divided by 78.
33
What is the remainder when 13255 is divided by 60?
55
Calculate the remainder when 7136 is divided by 33.
8
Calculate the remainder when 11018 is divided by 934.
744
What is the remainder when 23650 is divided by 324?
322
Calculate the remainder when 128850 is divided by 273.
267
What is the remainder when 5894 is divided by 191?
164
Calculate the remainder when 3168 is divided by 232.
152
Calculate the remainder when 43848 is divided by 34.
22
Calculate the remainder when 55901 is divided by 154.
153
Calculate the remainder when 16240 is divided by 1804.
4
What is the remainder when 29871 is divided by 1792?
1199
What is the remainder when 12605 is divided by 834?
95
Calculate the remainder when 107019 is divided by 53456.
107
Calculate the remainder when 30800 is divided by 35.
0
What is the remainder when 25161 is divided by 27?
24
Calculate the remainder when 11002 is divided by 1099.
12
What is the remainder when 108308 is divided by 204?
188
Calculate the remainder when 1807569 is divided by 58.
57
What is the remainder when 1183670 is divided by 9?
8
What is the remainder when 10037 is divided by 7?
6
What is the remainder when 594962 is divided by 614?
610
Calculate the remainder when 109629 is divided by 98.
65
What is the remainder when 18087 is divided by 197?
160
What is the remainder when 22039 is divided by 212?
203
Calculate the remainder when 2729 is divided by 91.
90
What is the remainder when 7511 is divided by 225?
86
Calculate the remainder when 520 is divided by 288.
232
Calculate the remainder when 42047 is divided by 1136.
15
Calculate the remainder when 1935 is divided by 121.
120
What is the remainder when 338313 is divided by 1013?
984
What is the remainder when 1231511 is divided by 97?
96
Calculate the remainder when 84851 is divided by 53.
51
Calculate the remainder when 113513 is divided by 28375.
13
Calculate the remainder when 2312 is divided by 766.
14
Calculate the remainder when 1366 is divided by 682.
2
Calculate the remainder when 1998 is divided by 578.
264
Calculate the remainder when 2708 is divided by 254.
168
Calculate the remainder when 873480 is divided by 19.
12
What is the remainder when 559026 is divided by 1210?
6
What is the remainder when 78167 is divided by 684?
191
Calculate the remainder when 4521 is divided by 637.
62
Calculate the remainder when 594862 is divided by 13834.
0
What is the remainder when 6846 is divided by 167?
166
What is the remainder when 7944 is divided by 60?
24
What is the remainder when 27275 is divided by 10?
5
Calculate the remainder when 1303 is divided by 36.
7
What is the remainder when 300 is divided by 69?
24
Calculate the remainder when 11197 is divided by 1863.
19
Calculate the remainder when 281160 is divided by 1186.
78
Calculate the remainder when 1677171 is divided by 278.
275
Calculate the remainder when 352089 is divided by 1443.
1440
What is the remainder when 68679 is divided by 733?
510
Calculate the remainder when 13979 is divided by 24.
11
Calculate the remainder when 2068 is divided by 358.
278
Calculate the remainder when 49781 is divided by 21.
11
Calculate the remainder when 1281562 is divided by 194.
192
Calculate the remainder when 846 is divided by 182.
118
Calculate the remainder when 19606 is divided by 19596.
10
Calculate the remainder when 81586 is divided by 896.
50
Calculate the remainder when 2026 is divided by 306.
190
What is the remainder when 2427 is divided by 184?
35
What is the remainder when 45305 is divided by 9?
8
What is the remainder when 6154 is divided by 323?
17
Calculate the remainder when 15139 is divided by 26.
7
What is the remainder when 127457 is divided by 355?
12
What is the remainder when 5189 is divided by 647?
13
What is the remainder when 1576 is divided by 667?
242
What is the remainder when 10436 is divided by 21?
20
What is the remainder when 776 is divided by 96?
8
Calculate the remainder when 3309 is divided by 3257.
52
Calculate the remainder when 3308 is divided by 28.
4
What is the remainder when 2926850 is divided by 174?
170
Calculate the remainder when 11323 is divided by 5508.
307
Calculate the remainder when 7768 is divided by 339.
310
What is the remainder when 432362 is divided by 863?
862
What is the remainder when 68791 is divided by 28?
23
Calculate the remainder when 1186 is divided by 228.
46
What is the remainder when 57944 is divided by 253?
7
What is the remainder when 71355 is divided by 1982?
3
What is the remainder when 25706 is divided by 92?
38
Calculate the remainder when 20688 is divided by 180.
168
What is the remainder when 3956 is divided by 156?
56
Calculate the remainder when 2079 is divided by 922.
235
Calculate the remainder when 1088 is divided by 485.
118
Calculate the remainder when 3766 is divided by 1879.
8
Calculate the remainder when 37167 is divided by 387.
15
Calculate the remainder when 593023 is divided by 75.
73
Calculate the remainder when 11968998 is divided by 20.
18
Calculate the remainder when 81911 is divided by 129.
125
Calculate the remainder when 3871 is divided by 1906.
59
Calculate the remainder when 19724 is divided by 14.
12
What is the remainder when 42863 is divided by 304?
303
What is the remainder when 16898 is divided by 759?
200
Calculate the remainder when 2045 is divided by 629.
158
What is the remainder when 3483 is divided by 445?
368
Calculate the remainder when 8833 is divided by 4415.
3
Calculate the remainder when 3602 is divided by 12.
2
Calculate the remainder when 1530 is divided by 113.
61
What is the remainder when 25605 is divided by 25587?
18
Calculate the remainder when 5376181 is divided by 398.
395
What is the remainder when 3143 is divided by 2837?
306
What is the remainder when 1174 is divided by 25?
24
What is the remainder when 363 is divided by 37?
30
What is the remainder when 65736 is divided by 41?
13
Calculate the remainder when 60178 is divided by 1943.
1888
Calculate the remainder when 15581 is divided by 1044.
965
What is the remainder when 177316 is divided by 572?
568
What is the remainder when 36922 is divided by 9229?
6
Calculate the remainder when 127184 is divided by 39.
5
Calculate the remainder when 9533 is divided by 9519.
14
What is the remainder when 4964 is divided by 1732?
1500
What is the remainder when 2135 is divided by 671?
122
What is the remainder when 54051 is divided by 42?
39
Calculate the remainder when 67432 is divided by 46.
42
Calculate the remainder when 88667 is divided by 36.
35
Calculate the remainder when 69591 is divided by 23179.
54
What is the remainder when 40656 is divided by 14?
0
Calculate the remainder when 19835 is divided by 62.
57
What is the remainder when 3481 is divided by 145?
1
Calculate the remainder when 2119179 is divided by 101.
98
Calculate the remainder when 8595 is divided by 456.
387
Calculate the remainder when 23174 is divided by 7701.
71
What is the remainder when 73642 is divided by 84?
58
What is the remainder when 1319 is divided by 308?
87
Calculate the remainder when 14077 is divided by 287.
14
Calculate the remainder when 65651 is divided by 35.
26
Calculate the remainder when 6573 is divided by 188.
181
Calculate the remainder when 58471 is divided by 398.
363
Calculate the remainder when 15273 is divided by 90.
63
What is the remainder when 187724 is divided by 541?
538
What is the remainder when 22565 is divided by 135?
20
What is the remainder when 48553 is divided by 11?
10
What is the remainder when 18648 is divided by 345?
18
Calculate the remainder when 474899 is divided by 60.
59
Calculate the remainder when 82877 is divided by 6.
5
Calculate the remainder when 1400 is divided by 70.
0
What is the remainder when 152 is divided by 148?
4
What is the remainder when 25589 is divided by 12725?
139
Calculate the remainder when 7233 is divided